, -4*c = -5*w + 10. What are the prime factors of w?
2
Suppose 3*k - 2*k - 2 = 0. Let g be (-10)/(-25) + (-68)/(-5). Suppose -f - 5*q = -3*q - g, -k*q = 5*f - 30. What are the prime factors of f?
2
Let m = -4 - -4. Suppose 5*o = -3*y + 95, m = -o - o - 3*y + 38. List the prime factors of o.
19
List the prime factors of -2*(-1)/(-8)*-164.
41
Suppose k = -4*k, -2*k = 3*n - 234. List the prime factors of n.
2, 3, 13
Let m(z) = -7*z - 7. Let f be m(-9). Let j = -40 + f. What are the prime factors of j?
2
Let g = 137 - 80. Suppose -3*p + g = 3*k, -2*p - 4*k = p - 56. Suppose -3*z + p = 2. List the prime factors of z.
2, 3
Let t(b) be the first derivative of b**3/3 + b**2/2 - 4*b + 2. List the prime factors of t(4).
2
Let x(z) = z**3 - 9*z**2 + 2*z + 11. What are the prime factors of x(9)?
29
Let r(d) = -2*d - 7. Let p be r(-6). Suppose -2*q = -p*z + 2, 0 = 2*z - 0*q - q. What are the prime factors of z?
2
Let v(d) = 200*d**2 + 6*d + 1. What are the prime factors of v(-1)?
3, 5, 13
Let i = 1 + -4. Let q be (i/6)/((-2)/8). Suppose -3*f + 15 = 0, -7*b + q*f = -3*b - 30. What are the prime factors of b?
2, 5
Let k = 158 + -109. What are the prime factors of k?
7
Suppose -4*c + 22 = 5*i - 2*c, 0 = 2*c - 2. Suppose i*t + 32 = 156. Suppose 0 = 3*u - t + 4. What are the prime factors of u?
3
What are the prime factors of 86 + 0/(1/((-1)/2))?
2, 43
Let j be -2*(4/1)/(-2). Suppose j*h + 3 = 107. Let r = h + -14. List the prime factors of r.
2, 3
Let g(f) = f - 1. Let r be g(1). List the prime factors of (19 - (r + -3)) + 1.
23
Let o(w) = -2*w**3 + 3*w**2 - w - 3. What are the prime factors of o(-3)?
3
List the prime factors of (-7 - -2)*18/(-2).
3, 5
Let s = 7 - 7. Suppose 0 = -4*f - s*f + 76. What are the prime factors of f?
19
Let c(s) = 2*s**2 - 4*s + 8. What are the prime factors of c(4)?
2, 3
Let t be (-6)/27 + 38/9. Suppose 0 = -t*u - u. Let j = u - -2. List the prime factors of j.
2
Let u = -9 + 17. List the prime factors of u.
2
Suppose -3*c = -h - 1042, 2*c - 684 = -0*h - 2*h. What are the prime factors of c?
2, 173
Let n = -10 - -15. Suppose -z - 4*z = n*u - 90, 0 = -4*u - 5*z + 77. List the prime factors of u.
13
Suppose -2*i = -5*i + 300. List the prime factors of i.
2, 5
Let c = 68 + -40. List the prime factors of c.
2, 7
List the prime factors of 341/3 - 6/(-18).
2, 3, 19
Let i be 2 - (0 - (-1 + 20)). Suppose 0 = -3*s - 2*s + v + i, v - 3 = -s. List the prime factors of s.
2
Let g = 38 + 97. List the prime factors of g.
3, 5
Let q be (6/9)/((-4)/18). What are the prime factors of q + -13*(-4)/4?
2, 5
Let q(p) = 25*p**3 - 1. Let z be (-1)/(-1) + 4 + -4. Let w be q(z). Suppose -3*n + w = -0*n. What are the prime factors of n?
2
Suppose -79 + 7 = -3*w. What are the prime factors of w?
2, 3
Suppose -s + 75 = 26. List the prime factors of s.
7
Let c = -80 - -134. What are the prime factors of c?
2, 3
Suppose y + 8*y = 837. What are the prime factors of y?
3, 31
Suppose 2*m - 28 = -2*m. Suppose m*j - 20 = 2*j. What are the prime factors of j?
2
Suppose n + 2*n - 102 = 0. List the prime factors of n.
2, 17
Let a = -14 + 50. What are the prime factors of a?
2, 3
Let l = 5 + 0. Suppose -l*s + 4*s + 21 = 0. What are the prime factors of s?
3, 7
Let k(g) = -9*g**2 + 18*g - 4*g + 22*g**2 - 5 - 14*g**2. What are the prime factors of k(10)?
5, 7
Let l(j) = j**2. Let u be l(-3). Let n = u + -3. What are the prime factors of n?
2, 3
Suppose -4*c - 2*w + 16 = 0, -w = -0*w. Suppose -11 = 8*p + 21. What are the prime factors of 46/c + (-2)/p?
2, 3
Suppose -3*o + 37 + 17 = 0. List the prime factors of o.
2, 3
Suppose 0 = 2*w - 0*f - 2*f - 50, -2*f + 55 = 3*w. What are the prime factors of w?
3, 7
List the prime factors of (-52)/(-6)*21 - 1.
181
Let u = -1 - -2. Suppose u = 2*a - 3. List the prime factors of 15/a*2*1.
3, 5
Let r(y) be the third derivative of -13*y**4/24 + 3*y**2. Let i be r(2). List the prime factors of (-550)/i - (-2)/(-13).
3, 7
Suppose -10*s + 5*s + 25 = 0. What are the prime factors of s?
5
Let n(z) = z**3 + 21*z**2 - 49*z + 2. What are the prime factors of n(-23)?
71
Let u(j) be the second derivative of j**4/6 + j**3/2 + 3*j**2/2 + 2*j. What are the prime factors of u(-2)?
5
Suppose -3 = -k - 0. What are the prime factors of 13 + (k - (7 - 2))?
11
Let m(t) = -t + 19. What are the prime factors of m(-7)?
2, 13
Let l be (-237)/27 + 4/(-18). What are the prime factors of 5*(0 + l/(-5))?
3
Let f(q) be the second derivative of -q**3/6 + 4*q**2 + 2*q. List the prime factors of f(6).
2
Suppose x - 14 = 3*p - 0*p, p = 2. What are the prime factors of x?
2, 5
Let w(q) = q**2 - 4*q + 3. Let i be w(3). Suppose i = 3*o - 12, o - 3 = -0*l + l. Suppose -2*b - 2*m = 0, 4*m = 2*b - l - 11. What are the prime factors of b?
2
Suppose u = 5*c + 13 + 31, 3*u - 183 = -2*c. What are the prime factors of u?
59
Suppose 2*u + 43 = 3*u. What are the prime factors of u?
43
Let q(n) = n**2 - 3*n + 3. Suppose w - 5 + 1 = 0. List the prime factors of q(w).
7
Let v(z) = -3*z + 2. Let g be v(-4). Let i = g + 0. What are the prime factors of i?
2, 7
Let b be ((-26)/(-3))/(10/15). Let o = -4 + b. List the prime factors of o.
3
Suppose b - 5*i = 29, 4*b - i = i + 134. List the prime factors of b.
2, 17
Let a be (-52)/(-14) + 4/14. Let v = a + -2. List the prime factors of (-3)/((-6)/v) - -8.
3
Suppose 4*r = 205 - 29. List the prime factors of r.
2, 11
Let m(x) = x**2 + x + 13. Suppose 0 = -3*t - 4*p - 8, -2*t - 3*p - 6 = -4*t. What are the prime factors of m(t)?
13
Suppose h - y = -4 + 1, 6 = 2*h + y. Let i = h - 1. Suppose -g - 2*c = i, 5*g + 0*c - 5*c = 75. What are the prime factors of g?
2, 5
Let c(p) = -p + 12. Let a be c(10). Suppose u + 2 - 21 = 3*q, -29 = -a*u + 3*q. List the prime factors of u.
2, 5
Suppose -10*n = 5*m - 5*n - 5, 2*m + n = 3. What are the prime factors of m?
2
Let g be -3*(-2 - (-42)/9). Let k = -6 - g. Suppose -2*c + 32 = k*c. List the prime factors of c.
2
Suppose 0 = -4*s + 2*h + 90, -3*s - 3*h = -33 - 48. Suppose t + s = 4*t. List the prime factors of t.
2
Suppose -3*g + 0*g - 40 = 4*w, -4*g - 30 = 2*w. Let o = w - -12. Suppose -5*j + o = -15. What are the prime factors of j?
2
Let d(c) = -11*c + 1. Let i(t) = -23*t + 1. Let s(j) = -5*d(j) + 2*i(j). Let u be s(3). Let h = u + -12. What are the prime factors of h?
2, 3
Suppose 5*x = x + 12. Suppose x*l - 45 = -3*w, 5*w - 3*w = l. What are the prime factors of l?
2, 5
Let k be (3 - 0) + (0 - -2). Suppose k*u = -0*u + 160. What are the prime factors of u?
2
Let t be 6/((-3)/(-2)*1). Suppose 3*o + 1 = -4*g, 2 = 3*g + t*o + 8. What are the prime factors of g?
2
Let f(n) = -3*n - 7. What are the prime factors of f(-14)?
5, 7
Let h = 16 + -18. List the prime factors of 36 - (1 + h + -1).
2, 19
Suppose -5*s - 10 = -35, 4*s - 23 = -o. Suppose 0 = o*f - 9. What are the prime factors of f?
3
Suppose 3*c - c - 4 = 0. Let h be 10/c*6/(-5). Let d = -4 - h. List the prime factors of d.
2
Let w(m) = -m - 6. Let a be w(-9). What are the prime factors of 29/a + (-1)/(-3)?
2, 5
Let x = -14 + 23. Let i = -6 + x. Suppose 0*g + 5*g - i*r = 65, 0 = 5*r + 25. List the prime factors of g.
2, 5
Let g(a) = -a**3 + 12*a**2 - a + 16. Let i = 1 - -11. Let m be g(i). Suppose -m*x = -12 - 20. What are the prime factors of x?
2
Suppose -20 = -3*n + 25. What are the prime factors of n?
3, 5
Let i be 5/(5/(-4))*-4. Let a = i + -7. Suppose 2*w = a + 15. What are the prime factors of w?
2, 3
Let m be 72/(-7) + (-2)/(-7). Let p = 10 + m. Let l(d) = -d**2 + 17. What are the prime factors of l(p)?
17
What are the prime factors of (29/(-2))/(1 + (-15)/12)?
2, 29
Let h(u) = -u**3 + 7*u**2 + 5. Suppose -5*m - 2*f = -3*f - 26, -2*f = -3*m + 10. List the prime factors of h(m).
41
Let z be (3 - (-14)/(-6))*3. Let c be (4/(-8))/(z/48). What are the prime factors of 2/((1 + -4)/c)?
2
Let k(r) = 3*r**2 - 4*r**2 + 5*r + 10 - 11*r + 2*r**2. Let t(v) = v**2 + v + 1. Let b be t(-3). What are the prime factors of k(b)?
17
Suppose 0 = 3*j + 8 - 35. List the prime factors of j.
3
Let t be 1*-13*1*(-2)/(-2). Let d(j) = 5*j + 2. Let n be d(-2). Let x = n - t. List the prime factors of x.
5
Suppose 4*f = f + 6. Let r = 42 - f. List the prime factors of r.
2, 5
Let m be 4 - (3/3 + 1). Suppose 0 = -p - m*p + 81. What are the prime factors of p?
3
Suppos